{"id":5922,"date":"2025-08-25T18:22:02","date_gmt":"2025-08-25T23:22:02","guid":{"rendered":"https:\/\/www.arsconsultores.com\/?page_id=5922"},"modified":"2025-08-25T18:45:24","modified_gmt":"2025-08-25T23:45:24","slug":"pilar-rojas","status":"publish","type":"page","link":"https:\/\/www.arsconsultores.com\/index.php\/pilar-rojas\/","title":{"rendered":"Pilar Rojas"},"content":{"rendered":"<p>[vc_row][vc_column][vc_column_text]<\/p>\n<h1 style=\"text-align: center;\"><strong>Rocio del Pilar Rojas<\/strong><\/h1>\n<p>[\/vc_column_text][vc_single_image image=&#8221;5931&#8243; alignment=&#8221;center&#8221;][vc_empty_space height=&#8221;10px&#8221;][\/vc_column][\/vc_row][vc_row][vc_column][vc_separator][vc_column_text]<\/p>\n<blockquote>\n<p style=\"text-align: center;\">Soy una profesional que se distingue por el <strong>liderazgo<\/strong> en la gesti\u00f3n de relaciones laborales, la asesor\u00eda preventiva y la defensa de derechos e intereses de empresas y particulares. He desarrollado y dirigido <strong>programas de consultor\u00eda<\/strong> y capacitaci\u00f3n en Derecho Laboral, Sistema de Riesgos Laborales, Seguridad y Salud en el Trabajo, y Responsabilidad Civil, adaptando <strong>soluciones legales<\/strong> a las necesidades espec\u00edficas de cada organizaci\u00f3n.<\/p>\n<\/blockquote>\n<p>[\/vc_column_text][vc_separator][vc_empty_space height=&#8221;50px&#8221;][\/vc_column][\/vc_row][vc_row][vc_column width=&#8221;1\/2&#8243;][vc_single_image image=&#8221;5937&#8243; img_size=&#8221;full&#8221;][vc_empty_space height=&#8221;10px&#8221;]<a itemprop=\"url\" href=\"https:\/\/wa.me\/573107984074\" target=\"_self\"  class=\"edgtf-btn edgtf-btn-huge edgtf-btn-solid\"  >\n    <span class=\"edgtf-btn-text\">Contactar<\/span>\n    <\/a>[\/vc_column][vc_column width=&#8221;1\/2&#8243;][vc_column_text]<\/p>\n<p style=\"text-align: center;\">Abogada con <strong>s\u00f3lida formaci\u00f3n<\/strong> acad\u00e9mica, Especialista en Derecho Laboral y Seguridad Social, as\u00ed como en Gerencia en Salud Ocupacional. Poseo Maestr\u00eda en Derecho Laboral y Seguridad Social, lo que respalda mi capacidad para brindar asesor\u00eda integral y estrat\u00e9gica tanto en el \u00e1mbito jur\u00eddico-laboral, administrativo como en derecho comercial.<\/p>\n<p style=\"text-align: center;\">Cuento con una amplia trayectoria en la <strong>gesti\u00f3n de relaciones laborales<\/strong>, asesor\u00eda preventiva y defensa de derechos e intereses de empresas y particulares. Mi experiencia incluye consultor\u00eda y <strong>capacitaci\u00f3n en Derecho Laboral<\/strong>, Sistema de Riesgos Laborales, Seguridad y Salud en el Trabajo y Responsabilidad Civil, adaptando soluciones a la medida de cada organizaci\u00f3n.<\/p>\n<p style=\"text-align: center;\">He participado activamente en la ejecuci\u00f3n de auditor\u00edas internas e interventor\u00edas bajo los m\u00e1s altos est\u00e1ndares de calidad y seguridad, tales como las normas OSHAS 18001:2007, ISO 45001:2018, NTC ISO 14001:2004 y como Auditor Interno BASC V5, garantizando el cumplimiento normativo y la mejora continua en los procesos laborales y de seguridad industrial.<\/p>\n<p style=\"text-align: center;\">Asimismo, ejerzo como <strong>docente universitaria<\/strong> en las \u00e1reas de Derecho Laboral, Riesgos Laborales y Seguridad y Salud en el Trabajo, contribuyendo en la formaci\u00f3n de nuevos profesionales con un enfoque \u00e9tico, t\u00e9cnico y actualizado.<\/p>\n<p>[\/vc_column_text][\/vc_column][\/vc_row][vc_row][vc_column][vc_empty_space height=&#8221;100px&#8221;][\/vc_column][\/vc_row]<\/p>\n","protected":false},"excerpt":{"rendered":"<p>[vc_row][vc_column][vc_column_text] Rocio del Pilar Rojas [\/vc_column_text][vc_single_image image=&#8221;5931&#8243; alignment=&#8221;center&#8221;][vc_empty_space height=&#8221;10px&#8221;][\/vc_column][\/vc_row][vc_row][vc_column][vc_separator][vc_column_text] Soy una profesional que se distingue por el liderazgo en la gesti\u00f3n de relaciones laborales, la asesor\u00eda preventiva y la defensa de derechos e intereses de empresas y particulares. He desarrollado y dirigido programas de consultor\u00eda [&hellip;]<\/p>\n","protected":false},"author":1,"featured_media":0,"parent":0,"menu_order":0,"comment_status":"closed","ping_status":"closed","template":"","meta":{"footnotes":""},"class_list":["post-5922","page","type-page","status-publish","hentry"],"_links":{"self":[{"href":"https:\/\/www.arsconsultores.com\/index.php\/wp-json\/wp\/v2\/pages\/5922","targetHints":{"allow":["GET"]}}],"collection":[{"href":"https:\/\/www.arsconsultores.com\/index.php\/wp-json\/wp\/v2\/pages"}],"about":[{"href":"https:\/\/www.arsconsultores.com\/index.php\/wp-json\/wp\/v2\/types\/page"}],"author":[{"embeddable":true,"href":"https:\/\/www.arsconsultores.com\/index.php\/wp-json\/wp\/v2\/users\/1"}],"replies":[{"embeddable":true,"href":"https:\/\/www.arsconsultores.com\/index.php\/wp-json\/wp\/v2\/comments?post=5922"}],"version-history":[{"count":14,"href":"https:\/\/www.arsconsultores.com\/index.php\/wp-json\/wp\/v2\/pages\/5922\/revisions"}],"predecessor-version":[{"id":5946,"href":"https:\/\/www.arsconsultores.com\/index.php\/wp-json\/wp\/v2\/pages\/5922\/revisions\/5946"}],"wp:attachment":[{"href":"https:\/\/www.arsconsultores.com\/index.php\/wp-json\/wp\/v2\/media?parent=5922"}],"curies":[{"name":"wp","href":"https:\/\/api.w.org\/{rel}","templated":true}]}}